{"id":2877,"date":"2024-07-01T16:33:16","date_gmt":"2024-07-01T14:33:16","guid":{"rendered":"https:\/\/copybeauxarts.com\/shop\/?page_id=2877"},"modified":"2025-04-19T11:00:51","modified_gmt":"2025-04-19T09:00:51","slug":"service-dtf-direct-to-film","status":"publish","type":"page","link":"https:\/\/copybeauxarts.com\/shop\/service-dtf-direct-to-film\/","title":{"rendered":"Service DTF &#8211; Direct to film"},"content":{"rendered":"\n\n\tVoici le nouveau service propos\u00e9 par Copy Beaux Arts.<br \/>\nFournissez vos fichiers et repartez avec vos feuilles DTF.<br \/>\nTarifs \u00e0 la feuille : A3 = 10\u20ac\u00a0 et A4 =6\u20ac\n\tPour toute question ou pour soumettre vos fichiers,<br \/>\nn&rsquo;h\u00e9sitez pas \u00e0 nous contacter par mail \u00e0\u00a0<a href=\"mailto:cpba34@gmail.com\"><strong>cpba34@gmail.com <\/strong><\/a><br \/>\nou rendez-vous directement dans notre boutique au :\u00a0<a href=\"https:\/\/maps.app.goo.gl\/vgSF7GRRJ1T9RiYAA\" target=\"_blank\" rel=\"noopener\">22 Place Emile Combes \u00e0 Montpellier<\/a>\n\t\t\t<a href=\"https:\/\/copybeauxarts.com\/shop\/wp-content\/uploads\/2024\/07\/DTF.pdf\" target=\"_blank\" rel=\"noopener\">\n\t\t\t\t\t\t\tT\u00c9LECHARGEZ NOTRE GUIDE\n\t\t\t\t\t<\/a>\n\t\t\t\t<img loading=\"lazy\" decoding=\"async\" src=\"https:\/\/copybeauxarts.com\/shop\/wp-content\/uploads\/2024\/07\/technique-direct-to-film.jpg\" alt=\"technique-direct-to-film\" itemprop=\"image\" height=\"674\" width=\"986\" title=\"technique-direct-to-film\" onerror=\"this.style.display='none'\"  \/>\n\t<h3>Qu&rsquo;est-ce que la Technique DTF ?<\/h3>\n<p>La technique de marquage textile DTF (Direct to Film) est un proc\u00e9d\u00e9 innovant permettant d&rsquo;imprimer des images haute r\u00e9solution et des graphismes complexes sur des transferts pour marquer des textiles. Gr\u00e2ce \u00e0 cette m\u00e9thode, il est possible de r\u00e9aliser des impressions de qualit\u00e9 exceptionnelle avec une grande pr\u00e9cision des d\u00e9tails.<\/p>\n\t<h3>Le Processus DTF<\/h3>\n<ol>\n<li><strong>Impression Num\u00e9rique<\/strong> :\n<ul>\n<li>Utilisation d&rsquo;une imprimante EPSON sp\u00e9cialis\u00e9e pour imprimer votre design directement sur un film adh\u00e9sif.<\/li>\n<\/ul>\n<\/li>\n<li><strong>Transfert sur le Film<\/strong> :\n<ul>\n<li>Le film adh\u00e9sif est ensuite recouvert d&rsquo;une poudre sp\u00e9ciale qui est fix\u00e9e par chauffage, permettant ainsi au motif de se transf\u00e9rer parfaitement sur le textile.<\/li>\n<\/ul>\n<\/li>\n<li><strong>Transfert sur Textile<\/strong> :\n<ul>\n<li>Une fois que vous avez r\u00e9cup\u00e9r\u00e9 vos films de transfert, vous pouvez les appliquer sur vos textiles en utilisant une presse \u00e0 chaud.<\/li>\n<\/ul>\n<\/li>\n<\/ol>\n\t\t\t\t<img decoding=\"async\" src=\"https:\/\/copybeauxarts.com\/shop\/wp-content\/plugins\/bb-plugin\/img\/pixel.png\" alt=\"\" itemprop=\"image\" onerror=\"this.style.display='none'\"  \/>\n\t\t\t\t<img loading=\"lazy\" decoding=\"async\" src=\"https:\/\/copybeauxarts.com\/shop\/wp-content\/uploads\/2024\/07\/direct-to-film-pas-cher.jpg\" alt=\"direct-to-film-pas-cher\" itemprop=\"image\" height=\"676\" width=\"990\" title=\"direct-to-film-pas-cher\" onerror=\"this.style.display='none'\"  \/>\n\t\t\t\t<img loading=\"lazy\" decoding=\"async\" src=\"https:\/\/copybeauxarts.com\/shop\/wp-content\/uploads\/2024\/07\/direct-to-film-prestataire-montpellier.jpg\" alt=\"direct-to-film-prestataire-montpellier\" itemprop=\"image\" height=\"676\" width=\"696\" title=\"direct-to-film-prestataire-montpellier\" onerror=\"this.style.display='none'\"  \/>\n\t<h3>le DTF chez Copy beaux arts\u00a0<\/h3>\n<h4>1. Soumission de Vos Fichiers<\/h4>\n<p>Envoyez-nous votre fichier par mail ou apportez-le directement dans notre boutique. Nous acceptons les fichiers de deux formats :<\/p>\n<ul>\n<li><strong>A4<\/strong><\/li>\n<li><strong>A3<\/strong><\/li>\n<\/ul>\n<p>Vous pouvez optimiser votre fichier en cr\u00e9ant une \u00ab\u00a0planche\u00a0\u00bb sur laquelle vous pouvez ins\u00e9rer plusieurs fois votre visuel. Cela permet de maximiser l&rsquo;utilisation de l&rsquo;espace disponible et d&rsquo;obtenir plusieurs transferts en une seule impression.<\/p>\n<p>Attention ! Copy Beaux arts ne modifiera pas et ne retouchera vos fichiers. En cas de besoin, si celui-ci n&rsquo;est pas compatible, nous vous proposerons un devis pour ce service additionnel.<\/p>\n<h4>2. Impression DTF<\/h4>\n<p>Nous nous occupons de l&rsquo;impression de votre design sur le film adh\u00e9sif en utilisant notre imprimante EPSON. Les impressions peuvent \u00eatre r\u00e9alis\u00e9es en format A4 ou A3 selon vos besoins.<\/p>\n<h4>3. R\u00e9cup\u00e9ration des Feuilles de Transfert<\/h4>\n<p>Une fois l&rsquo;impression termin\u00e9e, vous pouvez venir r\u00e9cup\u00e9rer vos feuilles de transfert directement dans notre boutique. Nous vous informerons par mail ou par t\u00e9l\u00e9phone lorsque vos feuilles seront pr\u00eates.<\/p>\n\t\t\t\t<img loading=\"lazy\" decoding=\"async\" src=\"https:\/\/copybeauxarts.com\/shop\/wp-content\/uploads\/2024\/07\/dtf-tee-shirt-montpellier.jpg\" alt=\"dtf-tee-shirt-montpellier\" itemprop=\"image\" height=\"677\" width=\"671\" title=\"dtf-tee-shirt-montpellier\" onerror=\"this.style.display='none'\"  \/>\n\t<h3>Application du Transfert<\/h3>\n<p>La derni\u00e8re \u00e9tape vous appartient ! Vous pouvez d\u00e9couper vos motifs selon vos besoins et les appliquer sur vos textiles en utilisant une presse \u00e0 chaud. Voici quelques \u00e9tapes simples pour un transfert r\u00e9ussi :<\/p>\n<ol>\n<li><strong>Pr\u00e9parez le textile<\/strong> : Assurez-vous que la surface du textile est propre et s\u00e8che.<\/li>\n<li><strong>D\u00e9coupez le motif<\/strong> : D\u00e9coupez soigneusement les motifs sur le film adh\u00e9sif.<\/li>\n<li><strong>Appliquez le film<\/strong> : Positionnez le film adh\u00e9sif sur le textile \u00e0 l&rsquo;endroit souhait\u00e9.<\/li>\n<li><strong>Chauffez<\/strong> : Utilisez une presse \u00e0 chaud pour fixer le motif sur le textile en suivant les instructions de temp\u00e9rature et de dur\u00e9e recommand\u00e9es. (Le durcissement est effectu\u00e9 \u00e0\u00a0<strong>une temp\u00e9rature de 160 \u00e0 170 degr\u00e9s Celsius<\/strong>\u00a0pendant\u00a0<strong>environ 15 \u00e0 20 secondes<\/strong>.) Vous pouvez pr\u00e9-presser le tissu avant le transfert de l&rsquo;image par le film pendant<strong>\u00a02 \u00e0 5 secondes<\/strong>. Cela permet\u00a0<strong>d&rsquo;aplatir le tissu et d&rsquo;assurer \u00e9galement la d\u00e9shumidification<\/strong>\u00a0du tissu. Le pr\u00e9-pressage permet un transfert optimal de l&rsquo;image du film sur le tissu.<\/li>\n<\/ol>\n\t\t\t\t<img loading=\"lazy\" decoding=\"async\" src=\"https:\/\/copybeauxarts.com\/shop\/wp-content\/uploads\/2024\/07\/direct-to-film-montpellier.jpg\" alt=\"direct-to-film-montpellier\" itemprop=\"image\" height=\"344\" width=\"500\" title=\"direct-to-film-montpellier\" onerror=\"this.style.display='none'\"  \/>\n\t<h3>Contactez-nous<\/h3>\n<p>Pour toute question ou pour soumettre vos fichiers, n&rsquo;h\u00e9sitez pas \u00e0 nous contacter par mail \u00e0 <strong>cpba34@gmail.com <\/strong><\/p>\n<p>ou rendez-vous directement dans notre boutique au :<\/p>\n<p><a href=\"https:\/\/maps.app.goo.gl\/vgSF7GRRJ1T9RiYAA\" target=\"_blank\" rel=\"noopener\">22 Place Emile Combes \u00e0 Montpellier<\/a><\/p>\n<p>Notre \u00e9quipe est \u00e0 votre disposition pour vous accompagner et vous offrir un service de qualit\u00e9.<\/p>\n\n","protected":false},"excerpt":{"rendered":"<p>Voici le nouveau service propos\u00e9 par Copy Beaux Arts. Fournissez vos fichiers et repartez avec vos feuilles DTF. Tarifs \u00e0 la feuille : A3 = 10\u20ac\u00a0 et A4 =6\u20ac Pour toute question ou pour soumettre vos fichiers, n&rsquo;h\u00e9sitez pas \u00e0 nous contacter par mail \u00e0\u00a0cpba34@gmail.com ou rendez-vous directement dans notre boutique au :\u00a022 Place Emile [&hellip;]<\/p>\n","protected":false},"author":1,"featured_media":0,"parent":0,"menu_order":0,"comment_status":"closed","ping_status":"closed","template":"","meta":{"site-sidebar-layout":"default","site-content-layout":"","ast-site-content-layout":"default","site-content-style":"default","site-sidebar-style":"default","ast-global-header-display":"","ast-banner-title-visibility":"","ast-main-header-display":"","ast-hfb-above-header-display":"","ast-hfb-below-header-display":"","ast-hfb-mobile-header-display":"","site-post-title":"","ast-breadcrumbs-content":"","ast-featured-img":"","footer-sml-layout":"","ast-disable-related-posts":"","theme-transparent-header-meta":"","adv-header-id-meta":"","stick-header-meta":"","header-above-stick-meta":"","header-main-stick-meta":"","header-below-stick-meta":"","astra-migrate-meta-layouts":"default","ast-page-background-enabled":"default","ast-page-background-meta":{"desktop":{"background-color":"var(--ast-global-color-4)","background-image":"","background-repeat":"repeat","background-position":"center center","background-size":"auto","background-attachment":"scroll","background-type":"","background-media":"","overlay-type":"","overlay-color":"","overlay-opacity":"","overlay-gradient":""},"tablet":{"background-color":"","background-image":"","background-repeat":"repeat","background-position":"center center","background-size":"auto","background-attachment":"scroll","background-type":"","background-media":"","overlay-type":"","overlay-color":"","overlay-opacity":"","overlay-gradient":""},"mobile":{"background-color":"","background-image":"","background-repeat":"repeat","background-position":"center center","background-size":"auto","background-attachment":"scroll","background-type":"","background-media":"","overlay-type":"","overlay-color":"","overlay-opacity":"","overlay-gradient":""}},"ast-content-background-meta":{"desktop":{"background-color":"var(--ast-global-color-5)","background-image":"","background-repeat":"repeat","background-position":"center center","background-size":"auto","background-attachment":"scroll","background-type":"","background-media":"","overlay-type":"","overlay-color":"","overlay-opacity":"","overlay-gradient":""},"tablet":{"background-color":"var(--ast-global-color-5)","background-image":"","background-repeat":"repeat","background-position":"center center","background-size":"auto","background-attachment":"scroll","background-type":"","background-media":"","overlay-type":"","overlay-color":"","overlay-opacity":"","overlay-gradient":""},"mobile":{"background-color":"var(--ast-global-color-5)","background-image":"","background-repeat":"repeat","background-position":"center center","background-size":"auto","background-attachment":"scroll","background-type":"","background-media":"","overlay-type":"","overlay-color":"","overlay-opacity":"","overlay-gradient":""}},"footnotes":""},"class_list":["post-2877","page","type-page","status-publish","hentry"],"yoast_head":"<!-- This site is optimized with the Yoast SEO plugin v26.6 - https:\/\/yoast.com\/wordpress\/plugins\/seo\/ -->\n<title>Service DTF - Direct to film - Copy Beaux Arts \u2022 Photocopie Impression objets personnalis\u00e9s Montpellier<\/title>\n<meta name=\"robots\" content=\"index, follow, max-snippet:-1, max-image-preview:large, max-video-preview:-1\" \/>\n<link rel=\"canonical\" href=\"https:\/\/copybeauxarts.com\/shop\/service-dtf-direct-to-film\/\" \/>\n<meta property=\"og:locale\" content=\"fr_FR\" \/>\n<meta property=\"og:type\" content=\"article\" \/>\n<meta property=\"og:title\" content=\"Service DTF - Direct to film - Copy Beaux Arts \u2022 Photocopie Impression objets personnalis\u00e9s Montpellier\" \/>\n<meta property=\"og:description\" content=\"Voici le nouveau service propos\u00e9 par Copy Beaux Arts. Fournissez vos fichiers et repartez avec vos feuilles DTF. Tarifs \u00e0 la feuille : A3 = 10\u20ac\u00a0 et A4 =6\u20ac Pour toute question ou pour soumettre vos fichiers, n&rsquo;h\u00e9sitez pas \u00e0 nous contacter par mail \u00e0\u00a0cpba34@gmail.com ou rendez-vous directement dans notre boutique au :\u00a022 Place Emile [&hellip;]\" \/>\n<meta property=\"og:url\" content=\"https:\/\/copybeauxarts.com\/shop\/service-dtf-direct-to-film\/\" \/>\n<meta property=\"og:site_name\" content=\"Copy Beaux Arts \u2022 Photocopie Impression objets personnalis\u00e9s Montpellier\" \/>\n<meta property=\"article:modified_time\" content=\"2025-04-19T09:00:51+00:00\" \/>\n<meta property=\"og:image\" content=\"https:\/\/copybeauxarts.com\/shop\/wp-content\/uploads\/2024\/07\/technique-direct-to-film.jpg\" \/>\n<meta name=\"twitter:card\" content=\"summary_large_image\" \/>\n<script type=\"application\/ld+json\" class=\"yoast-schema-graph\">{\"@context\":\"https:\/\/schema.org\",\"@graph\":[{\"@type\":\"WebPage\",\"@id\":\"https:\/\/copybeauxarts.com\/shop\/service-dtf-direct-to-film\/\",\"url\":\"https:\/\/copybeauxarts.com\/shop\/service-dtf-direct-to-film\/\",\"name\":\"Service DTF - Direct to film - Copy Beaux Arts \u2022 Photocopie Impression objets personnalis\u00e9s Montpellier\",\"isPartOf\":{\"@id\":\"https:\/\/copybeauxarts.com\/shop\/#website\"},\"primaryImageOfPage\":{\"@id\":\"https:\/\/copybeauxarts.com\/shop\/service-dtf-direct-to-film\/#primaryimage\"},\"image\":{\"@id\":\"https:\/\/copybeauxarts.com\/shop\/service-dtf-direct-to-film\/#primaryimage\"},\"thumbnailUrl\":\"https:\/\/copybeauxarts.com\/shop\/wp-content\/uploads\/2024\/07\/technique-direct-to-film.jpg\",\"datePublished\":\"2024-07-01T14:33:16+00:00\",\"dateModified\":\"2025-04-19T09:00:51+00:00\",\"breadcrumb\":{\"@id\":\"https:\/\/copybeauxarts.com\/shop\/service-dtf-direct-to-film\/#breadcrumb\"},\"inLanguage\":\"fr-FR\",\"potentialAction\":[{\"@type\":\"ReadAction\",\"target\":[\"https:\/\/copybeauxarts.com\/shop\/service-dtf-direct-to-film\/\"]}]},{\"@type\":\"ImageObject\",\"inLanguage\":\"fr-FR\",\"@id\":\"https:\/\/copybeauxarts.com\/shop\/service-dtf-direct-to-film\/#primaryimage\",\"url\":\"https:\/\/copybeauxarts.com\/shop\/wp-content\/uploads\/2024\/07\/technique-direct-to-film.jpg\",\"contentUrl\":\"https:\/\/copybeauxarts.com\/shop\/wp-content\/uploads\/2024\/07\/technique-direct-to-film.jpg\",\"width\":986,\"height\":674},{\"@type\":\"BreadcrumbList\",\"@id\":\"https:\/\/copybeauxarts.com\/shop\/service-dtf-direct-to-film\/#breadcrumb\",\"itemListElement\":[{\"@type\":\"ListItem\",\"position\":1,\"name\":\"Accueil\",\"item\":\"https:\/\/copybeauxarts.com\/shop\/\"},{\"@type\":\"ListItem\",\"position\":2,\"name\":\"Service DTF &#8211; Direct to film\"}]},{\"@type\":\"WebSite\",\"@id\":\"https:\/\/copybeauxarts.com\/shop\/#website\",\"url\":\"https:\/\/copybeauxarts.com\/shop\/\",\"name\":\"Copy Beaux Arts \u2022 Photocopie Impression objets personnalis\u00e9s Montpellier\",\"description\":\"Impression tshirts mugs cadeaux et tous objets personnalis\u00e9s\",\"publisher\":{\"@id\":\"https:\/\/copybeauxarts.com\/shop\/#organization\"},\"potentialAction\":[{\"@type\":\"SearchAction\",\"target\":{\"@type\":\"EntryPoint\",\"urlTemplate\":\"https:\/\/copybeauxarts.com\/shop\/?s={search_term_string}\"},\"query-input\":{\"@type\":\"PropertyValueSpecification\",\"valueRequired\":true,\"valueName\":\"search_term_string\"}}],\"inLanguage\":\"fr-FR\"},{\"@type\":\"Organization\",\"@id\":\"https:\/\/copybeauxarts.com\/shop\/#organization\",\"name\":\"Copy Beaux Arts \u2022 Photocopie Impression objets personnalis\u00e9s Montpellier\",\"url\":\"https:\/\/copybeauxarts.com\/shop\/\",\"logo\":{\"@type\":\"ImageObject\",\"inLanguage\":\"fr-FR\",\"@id\":\"https:\/\/copybeauxarts.com\/shop\/#\/schema\/logo\/image\/\",\"url\":\"https:\/\/copybeauxarts.com\/shop\/wp-content\/uploads\/2025\/12\/logo-copy-beaux-arts-montpellier.png\",\"contentUrl\":\"https:\/\/copybeauxarts.com\/shop\/wp-content\/uploads\/2025\/12\/logo-copy-beaux-arts-montpellier.png\",\"width\":247,\"height\":133,\"caption\":\"Copy Beaux Arts \u2022 Photocopie Impression objets personnalis\u00e9s Montpellier\"},\"image\":{\"@id\":\"https:\/\/copybeauxarts.com\/shop\/#\/schema\/logo\/image\/\"}}]}<\/script>\n<!-- \/ Yoast SEO plugin. -->","yoast_head_json":{"title":"Service DTF - Direct to film - Copy Beaux Arts \u2022 Photocopie Impression objets personnalis\u00e9s Montpellier","robots":{"index":"index","follow":"follow","max-snippet":"max-snippet:-1","max-image-preview":"max-image-preview:large","max-video-preview":"max-video-preview:-1"},"canonical":"https:\/\/copybeauxarts.com\/shop\/service-dtf-direct-to-film\/","og_locale":"fr_FR","og_type":"article","og_title":"Service DTF - Direct to film - Copy Beaux Arts \u2022 Photocopie Impression objets personnalis\u00e9s Montpellier","og_description":"Voici le nouveau service propos\u00e9 par Copy Beaux Arts. Fournissez vos fichiers et repartez avec vos feuilles DTF. Tarifs \u00e0 la feuille : A3 = 10\u20ac\u00a0 et A4 =6\u20ac Pour toute question ou pour soumettre vos fichiers, n&rsquo;h\u00e9sitez pas \u00e0 nous contacter par mail \u00e0\u00a0cpba34@gmail.com ou rendez-vous directement dans notre boutique au :\u00a022 Place Emile [&hellip;]","og_url":"https:\/\/copybeauxarts.com\/shop\/service-dtf-direct-to-film\/","og_site_name":"Copy Beaux Arts \u2022 Photocopie Impression objets personnalis\u00e9s Montpellier","article_modified_time":"2025-04-19T09:00:51+00:00","og_image":[{"url":"https:\/\/copybeauxarts.com\/shop\/wp-content\/uploads\/2024\/07\/technique-direct-to-film.jpg","type":"","width":"","height":""}],"twitter_card":"summary_large_image","schema":{"@context":"https:\/\/schema.org","@graph":[{"@type":"WebPage","@id":"https:\/\/copybeauxarts.com\/shop\/service-dtf-direct-to-film\/","url":"https:\/\/copybeauxarts.com\/shop\/service-dtf-direct-to-film\/","name":"Service DTF - Direct to film - Copy Beaux Arts \u2022 Photocopie Impression objets personnalis\u00e9s Montpellier","isPartOf":{"@id":"https:\/\/copybeauxarts.com\/shop\/#website"},"primaryImageOfPage":{"@id":"https:\/\/copybeauxarts.com\/shop\/service-dtf-direct-to-film\/#primaryimage"},"image":{"@id":"https:\/\/copybeauxarts.com\/shop\/service-dtf-direct-to-film\/#primaryimage"},"thumbnailUrl":"https:\/\/copybeauxarts.com\/shop\/wp-content\/uploads\/2024\/07\/technique-direct-to-film.jpg","datePublished":"2024-07-01T14:33:16+00:00","dateModified":"2025-04-19T09:00:51+00:00","breadcrumb":{"@id":"https:\/\/copybeauxarts.com\/shop\/service-dtf-direct-to-film\/#breadcrumb"},"inLanguage":"fr-FR","potentialAction":[{"@type":"ReadAction","target":["https:\/\/copybeauxarts.com\/shop\/service-dtf-direct-to-film\/"]}]},{"@type":"ImageObject","inLanguage":"fr-FR","@id":"https:\/\/copybeauxarts.com\/shop\/service-dtf-direct-to-film\/#primaryimage","url":"https:\/\/copybeauxarts.com\/shop\/wp-content\/uploads\/2024\/07\/technique-direct-to-film.jpg","contentUrl":"https:\/\/copybeauxarts.com\/shop\/wp-content\/uploads\/2024\/07\/technique-direct-to-film.jpg","width":986,"height":674},{"@type":"BreadcrumbList","@id":"https:\/\/copybeauxarts.com\/shop\/service-dtf-direct-to-film\/#breadcrumb","itemListElement":[{"@type":"ListItem","position":1,"name":"Accueil","item":"https:\/\/copybeauxarts.com\/shop\/"},{"@type":"ListItem","position":2,"name":"Service DTF &#8211; Direct to film"}]},{"@type":"WebSite","@id":"https:\/\/copybeauxarts.com\/shop\/#website","url":"https:\/\/copybeauxarts.com\/shop\/","name":"Copy Beaux Arts \u2022 Photocopie Impression objets personnalis\u00e9s Montpellier","description":"Impression tshirts mugs cadeaux et tous objets personnalis\u00e9s","publisher":{"@id":"https:\/\/copybeauxarts.com\/shop\/#organization"},"potentialAction":[{"@type":"SearchAction","target":{"@type":"EntryPoint","urlTemplate":"https:\/\/copybeauxarts.com\/shop\/?s={search_term_string}"},"query-input":{"@type":"PropertyValueSpecification","valueRequired":true,"valueName":"search_term_string"}}],"inLanguage":"fr-FR"},{"@type":"Organization","@id":"https:\/\/copybeauxarts.com\/shop\/#organization","name":"Copy Beaux Arts \u2022 Photocopie Impression objets personnalis\u00e9s Montpellier","url":"https:\/\/copybeauxarts.com\/shop\/","logo":{"@type":"ImageObject","inLanguage":"fr-FR","@id":"https:\/\/copybeauxarts.com\/shop\/#\/schema\/logo\/image\/","url":"https:\/\/copybeauxarts.com\/shop\/wp-content\/uploads\/2025\/12\/logo-copy-beaux-arts-montpellier.png","contentUrl":"https:\/\/copybeauxarts.com\/shop\/wp-content\/uploads\/2025\/12\/logo-copy-beaux-arts-montpellier.png","width":247,"height":133,"caption":"Copy Beaux Arts \u2022 Photocopie Impression objets personnalis\u00e9s Montpellier"},"image":{"@id":"https:\/\/copybeauxarts.com\/shop\/#\/schema\/logo\/image\/"}}]}},"_links":{"self":[{"href":"https:\/\/copybeauxarts.com\/shop\/wp-json\/wp\/v2\/pages\/2877","targetHints":{"allow":["GET"]}}],"collection":[{"href":"https:\/\/copybeauxarts.com\/shop\/wp-json\/wp\/v2\/pages"}],"about":[{"href":"https:\/\/copybeauxarts.com\/shop\/wp-json\/wp\/v2\/types\/page"}],"author":[{"embeddable":true,"href":"https:\/\/copybeauxarts.com\/shop\/wp-json\/wp\/v2\/users\/1"}],"replies":[{"embeddable":true,"href":"https:\/\/copybeauxarts.com\/shop\/wp-json\/wp\/v2\/comments?post=2877"}],"version-history":[{"count":14,"href":"https:\/\/copybeauxarts.com\/shop\/wp-json\/wp\/v2\/pages\/2877\/revisions"}],"predecessor-version":[{"id":3256,"href":"https:\/\/copybeauxarts.com\/shop\/wp-json\/wp\/v2\/pages\/2877\/revisions\/3256"}],"wp:attachment":[{"href":"https:\/\/copybeauxarts.com\/shop\/wp-json\/wp\/v2\/media?parent=2877"}],"curies":[{"name":"wp","href":"https:\/\/api.w.org\/{rel}","templated":true}]}}