{"id":1763,"date":"2021-07-16T12:34:50","date_gmt":"2021-07-16T10:34:50","guid":{"rendered":"https:\/\/copybeauxarts.com\/shop\/?page_id=1763"},"modified":"2025-10-02T16:01:01","modified_gmt":"2025-10-02T14:01:01","slug":"impression-grands-formats","status":"publish","type":"page","link":"https:\/\/copybeauxarts.com\/shop\/impression-grands-formats\/","title":{"rendered":"GRANDS FORMATS"},"content":{"rendered":"\n\n\t\t\t\t<img decoding=\"async\" src=\"https:\/\/copybeauxarts.com\/shop\/wp-content\/uploads\/2021\/07\/fotolia_63695053_s.jpg\" alt=\"fotolia_63695053_s\" itemprop=\"image\" height=\"412\" width=\"735\" title=\"fotolia_63695053_s\" onerror=\"this.style.display='none'\" loading='lazy' \/>\n\t\t\t\t<img decoding=\"async\" src=\"https:\/\/copybeauxarts.com\/shop\/wp-content\/uploads\/2023\/04\/1234.jpg\" alt=\"1234\" itemprop=\"image\" height=\"515\" width=\"890\" title=\"1234\" onerror=\"this.style.display='none'\" loading='lazy' \/>\n<h2>\n\t\t\tGRANDS FORMATS\t<\/h2>\n\t<p>A2, A1, A0, Formats personnalis\u00e9s, plans&#8230;<\/p>\n<p>Nous proposons des impressions grands formats de qualit\u00e9 en couleur et en noir et blanc.<\/p>\n<p>&nbsp;<\/p>\n\t<p><strong>COULEUR<\/strong><\/p>\n<ul>\n<li>A2 : 5\u20ac (80g mat) \/ 6,75\u20ac (180g mat) \/ 7.75\u20ac (200g brillant)<\/li>\n<li>A1 : 10\u20ac (80g mat) \/ 13,50\u20ac (180g mat) \/ 15,50\u20ac (200g brillant)<\/li>\n<li>A0 : 20\u20ac (80g mat) \/ 27\u20ac (180g mat) \/ 31\u20ac (200g brillant)<\/li>\n<li>A0 architechture : 16\u20ac (80g mat)<\/li>\n<\/ul>\n\t<p><strong>NOIR ET BLANC<\/strong><\/p>\n<ul>\n<li>A2 : 3\u20ac (80g mat) \/ 3.75\u20ac (180g mat) \/ 4,75\u20ac (200g brillant)<\/li>\n<li>A1 : 6\u20ac (80gmat) \/ 7.5\u20ac (180g mat) \/ 9.5\u20ac (200g brillant)<\/li>\n<li>A0 : 12\u20ac (80g mat) \/ 15\u20ac\u00a0 (180g mat) \/ 19\u20ac (200g brillant)<\/li>\n<\/ul>\n\t<p><strong>COMMENT FAIRE?<\/strong><\/p>\n<p>Pour la r\u00e9alisation de vos impressions grands formats, vous pouvez nous envoyer vos fichiers par mail sur cpba34@gmail.com<\/p>\n<p>Si votre document \u00e0 un format sp\u00e9cial, vous pouvez nous contacter par mail pour une estimation. ( Largeur maximale de 914 mm)<\/p>\n<p>le fichier doit \u00eatre au format PDF<\/p>\n<p>&nbsp;<\/p>\n<p>&nbsp;<\/p>\n\n","protected":false},"excerpt":{"rendered":"<p>GRANDS FORMATS A2, A1, A0, Formats personnalis\u00e9s, plans&#8230; Nous proposons des impressions grands formats de qualit\u00e9 en couleur et en noir et blanc. &nbsp; COULEUR A2 : 5\u20ac (80g mat) \/ 6,75\u20ac (180g mat) \/ 7.75\u20ac (200g brillant) A1 : 10\u20ac (80g mat) \/ 13,50\u20ac (180g mat) \/ 15,50\u20ac (200g brillant) A0 : 20\u20ac (80g [&hellip;]<\/p>\n","protected":false},"author":4,"featured_media":0,"parent":0,"menu_order":0,"comment_status":"closed","ping_status":"closed","template":"","meta":{"site-sidebar-layout":"default","site-content-layout":"default","ast-site-content-layout":"default","site-content-style":"default","site-sidebar-style":"default","ast-global-header-display":"","ast-banner-title-visibility":"","ast-main-header-display":"","ast-hfb-above-header-display":"","ast-hfb-below-header-display":"","ast-hfb-mobile-header-display":"","site-post-title":"","ast-breadcrumbs-content":"","ast-featured-img":"","footer-sml-layout":"","ast-disable-related-posts":"","theme-transparent-header-meta":"default","adv-header-id-meta":"","stick-header-meta":"default","header-above-stick-meta":"","header-main-stick-meta":"","header-below-stick-meta":"","astra-migrate-meta-layouts":"default","ast-page-background-enabled":"default","ast-page-background-meta":{"desktop":{"background-color":"var(--ast-global-color-4)","background-image":"","background-repeat":"repeat","background-position":"center center","background-size":"auto","background-attachment":"scroll","background-type":"","background-media":"","overlay-type":"","overlay-color":"","overlay-opacity":"","overlay-gradient":""},"tablet":{"background-color":"","background-image":"","background-repeat":"repeat","background-position":"center center","background-size":"auto","background-attachment":"scroll","background-type":"","background-media":"","overlay-type":"","overlay-color":"","overlay-opacity":"","overlay-gradient":""},"mobile":{"background-color":"","background-image":"","background-repeat":"repeat","background-position":"center center","background-size":"auto","background-attachment":"scroll","background-type":"","background-media":"","overlay-type":"","overlay-color":"","overlay-opacity":"","overlay-gradient":""}},"ast-content-background-meta":{"desktop":{"background-color":"var(--ast-global-color-5)","background-image":"","background-repeat":"repeat","background-position":"center center","background-size":"auto","background-attachment":"scroll","background-type":"","background-media":"","overlay-type":"","overlay-color":"","overlay-opacity":"","overlay-gradient":""},"tablet":{"background-color":"var(--ast-global-color-5)","background-image":"","background-repeat":"repeat","background-position":"center center","background-size":"auto","background-attachment":"scroll","background-type":"","background-media":"","overlay-type":"","overlay-color":"","overlay-opacity":"","overlay-gradient":""},"mobile":{"background-color":"var(--ast-global-color-5)","background-image":"","background-repeat":"repeat","background-position":"center center","background-size":"auto","background-attachment":"scroll","background-type":"","background-media":"","overlay-type":"","overlay-color":"","overlay-opacity":"","overlay-gradient":""}},"footnotes":""},"class_list":["post-1763","page","type-page","status-publish","hentry"],"yoast_head":"<!-- This site is optimized with the Yoast SEO plugin v26.6 - https:\/\/yoast.com\/wordpress\/plugins\/seo\/ -->\n<title>GRANDS FORMATS - Copy Beaux Arts \u2022 Photocopie Impression objets personnalis\u00e9s Montpellier<\/title>\n<meta name=\"robots\" content=\"index, follow, max-snippet:-1, max-image-preview:large, max-video-preview:-1\" \/>\n<link rel=\"canonical\" href=\"https:\/\/copybeauxarts.com\/shop\/impression-grands-formats\/\" \/>\n<meta property=\"og:locale\" content=\"fr_FR\" \/>\n<meta property=\"og:type\" content=\"article\" \/>\n<meta property=\"og:title\" content=\"GRANDS FORMATS - Copy Beaux Arts \u2022 Photocopie Impression objets personnalis\u00e9s Montpellier\" \/>\n<meta property=\"og:description\" content=\"GRANDS FORMATS A2, A1, A0, Formats personnalis\u00e9s, plans&#8230; Nous proposons des impressions grands formats de qualit\u00e9 en couleur et en noir et blanc. &nbsp; COULEUR A2 : 5\u20ac (80g mat) \/ 6,75\u20ac (180g mat) \/ 7.75\u20ac (200g brillant) A1 : 10\u20ac (80g mat) \/ 13,50\u20ac (180g mat) \/ 15,50\u20ac (200g brillant) A0 : 20\u20ac (80g [&hellip;]\" \/>\n<meta property=\"og:url\" content=\"https:\/\/copybeauxarts.com\/shop\/impression-grands-formats\/\" \/>\n<meta property=\"og:site_name\" content=\"Copy Beaux Arts \u2022 Photocopie Impression objets personnalis\u00e9s Montpellier\" \/>\n<meta property=\"article:modified_time\" content=\"2025-10-02T14:01:01+00:00\" \/>\n<meta property=\"og:image\" content=\"https:\/\/copybeauxarts.com\/shop\/wp-content\/uploads\/2021\/07\/fotolia_63695053_s.jpg\" \/>\n<meta name=\"twitter:card\" content=\"summary_large_image\" \/>\n<script type=\"application\/ld+json\" class=\"yoast-schema-graph\">{\"@context\":\"https:\/\/schema.org\",\"@graph\":[{\"@type\":\"WebPage\",\"@id\":\"https:\/\/copybeauxarts.com\/shop\/impression-grands-formats\/\",\"url\":\"https:\/\/copybeauxarts.com\/shop\/impression-grands-formats\/\",\"name\":\"GRANDS FORMATS - Copy Beaux Arts \u2022 Photocopie Impression objets personnalis\u00e9s Montpellier\",\"isPartOf\":{\"@id\":\"https:\/\/copybeauxarts.com\/shop\/#website\"},\"primaryImageOfPage\":{\"@id\":\"https:\/\/copybeauxarts.com\/shop\/impression-grands-formats\/#primaryimage\"},\"image\":{\"@id\":\"https:\/\/copybeauxarts.com\/shop\/impression-grands-formats\/#primaryimage\"},\"thumbnailUrl\":\"https:\/\/copybeauxarts.com\/shop\/wp-content\/uploads\/2021\/07\/fotolia_63695053_s.jpg\",\"datePublished\":\"2021-07-16T10:34:50+00:00\",\"dateModified\":\"2025-10-02T14:01:01+00:00\",\"breadcrumb\":{\"@id\":\"https:\/\/copybeauxarts.com\/shop\/impression-grands-formats\/#breadcrumb\"},\"inLanguage\":\"fr-FR\",\"potentialAction\":[{\"@type\":\"ReadAction\",\"target\":[\"https:\/\/copybeauxarts.com\/shop\/impression-grands-formats\/\"]}]},{\"@type\":\"ImageObject\",\"inLanguage\":\"fr-FR\",\"@id\":\"https:\/\/copybeauxarts.com\/shop\/impression-grands-formats\/#primaryimage\",\"url\":\"https:\/\/copybeauxarts.com\/shop\/wp-content\/uploads\/2021\/07\/fotolia_63695053_s.jpg\",\"contentUrl\":\"https:\/\/copybeauxarts.com\/shop\/wp-content\/uploads\/2021\/07\/fotolia_63695053_s.jpg\",\"width\":735,\"height\":412},{\"@type\":\"BreadcrumbList\",\"@id\":\"https:\/\/copybeauxarts.com\/shop\/impression-grands-formats\/#breadcrumb\",\"itemListElement\":[{\"@type\":\"ListItem\",\"position\":1,\"name\":\"Accueil\",\"item\":\"https:\/\/copybeauxarts.com\/shop\/\"},{\"@type\":\"ListItem\",\"position\":2,\"name\":\"GRANDS FORMATS\"}]},{\"@type\":\"WebSite\",\"@id\":\"https:\/\/copybeauxarts.com\/shop\/#website\",\"url\":\"https:\/\/copybeauxarts.com\/shop\/\",\"name\":\"Copy Beaux Arts \u2022 Photocopie Impression objets personnalis\u00e9s Montpellier\",\"description\":\"Impression tshirts mugs cadeaux et tous objets personnalis\u00e9s\",\"publisher\":{\"@id\":\"https:\/\/copybeauxarts.com\/shop\/#organization\"},\"potentialAction\":[{\"@type\":\"SearchAction\",\"target\":{\"@type\":\"EntryPoint\",\"urlTemplate\":\"https:\/\/copybeauxarts.com\/shop\/?s={search_term_string}\"},\"query-input\":{\"@type\":\"PropertyValueSpecification\",\"valueRequired\":true,\"valueName\":\"search_term_string\"}}],\"inLanguage\":\"fr-FR\"},{\"@type\":\"Organization\",\"@id\":\"https:\/\/copybeauxarts.com\/shop\/#organization\",\"name\":\"Copy Beaux Arts \u2022 Photocopie Impression objets personnalis\u00e9s Montpellier\",\"url\":\"https:\/\/copybeauxarts.com\/shop\/\",\"logo\":{\"@type\":\"ImageObject\",\"inLanguage\":\"fr-FR\",\"@id\":\"https:\/\/copybeauxarts.com\/shop\/#\/schema\/logo\/image\/\",\"url\":\"https:\/\/copybeauxarts.com\/shop\/wp-content\/uploads\/2025\/12\/logo-copy-beaux-arts-montpellier.png\",\"contentUrl\":\"https:\/\/copybeauxarts.com\/shop\/wp-content\/uploads\/2025\/12\/logo-copy-beaux-arts-montpellier.png\",\"width\":247,\"height\":133,\"caption\":\"Copy Beaux Arts \u2022 Photocopie Impression objets personnalis\u00e9s Montpellier\"},\"image\":{\"@id\":\"https:\/\/copybeauxarts.com\/shop\/#\/schema\/logo\/image\/\"}}]}<\/script>\n<!-- \/ Yoast SEO plugin. -->","yoast_head_json":{"title":"GRANDS FORMATS - Copy Beaux Arts \u2022 Photocopie Impression objets personnalis\u00e9s Montpellier","robots":{"index":"index","follow":"follow","max-snippet":"max-snippet:-1","max-image-preview":"max-image-preview:large","max-video-preview":"max-video-preview:-1"},"canonical":"https:\/\/copybeauxarts.com\/shop\/impression-grands-formats\/","og_locale":"fr_FR","og_type":"article","og_title":"GRANDS FORMATS - Copy Beaux Arts \u2022 Photocopie Impression objets personnalis\u00e9s Montpellier","og_description":"GRANDS FORMATS A2, A1, A0, Formats personnalis\u00e9s, plans&#8230; Nous proposons des impressions grands formats de qualit\u00e9 en couleur et en noir et blanc. &nbsp; COULEUR A2 : 5\u20ac (80g mat) \/ 6,75\u20ac (180g mat) \/ 7.75\u20ac (200g brillant) A1 : 10\u20ac (80g mat) \/ 13,50\u20ac (180g mat) \/ 15,50\u20ac (200g brillant) A0 : 20\u20ac (80g [&hellip;]","og_url":"https:\/\/copybeauxarts.com\/shop\/impression-grands-formats\/","og_site_name":"Copy Beaux Arts \u2022 Photocopie Impression objets personnalis\u00e9s Montpellier","article_modified_time":"2025-10-02T14:01:01+00:00","og_image":[{"url":"https:\/\/copybeauxarts.com\/shop\/wp-content\/uploads\/2021\/07\/fotolia_63695053_s.jpg","type":"","width":"","height":""}],"twitter_card":"summary_large_image","schema":{"@context":"https:\/\/schema.org","@graph":[{"@type":"WebPage","@id":"https:\/\/copybeauxarts.com\/shop\/impression-grands-formats\/","url":"https:\/\/copybeauxarts.com\/shop\/impression-grands-formats\/","name":"GRANDS FORMATS - Copy Beaux Arts \u2022 Photocopie Impression objets personnalis\u00e9s Montpellier","isPartOf":{"@id":"https:\/\/copybeauxarts.com\/shop\/#website"},"primaryImageOfPage":{"@id":"https:\/\/copybeauxarts.com\/shop\/impression-grands-formats\/#primaryimage"},"image":{"@id":"https:\/\/copybeauxarts.com\/shop\/impression-grands-formats\/#primaryimage"},"thumbnailUrl":"https:\/\/copybeauxarts.com\/shop\/wp-content\/uploads\/2021\/07\/fotolia_63695053_s.jpg","datePublished":"2021-07-16T10:34:50+00:00","dateModified":"2025-10-02T14:01:01+00:00","breadcrumb":{"@id":"https:\/\/copybeauxarts.com\/shop\/impression-grands-formats\/#breadcrumb"},"inLanguage":"fr-FR","potentialAction":[{"@type":"ReadAction","target":["https:\/\/copybeauxarts.com\/shop\/impression-grands-formats\/"]}]},{"@type":"ImageObject","inLanguage":"fr-FR","@id":"https:\/\/copybeauxarts.com\/shop\/impression-grands-formats\/#primaryimage","url":"https:\/\/copybeauxarts.com\/shop\/wp-content\/uploads\/2021\/07\/fotolia_63695053_s.jpg","contentUrl":"https:\/\/copybeauxarts.com\/shop\/wp-content\/uploads\/2021\/07\/fotolia_63695053_s.jpg","width":735,"height":412},{"@type":"BreadcrumbList","@id":"https:\/\/copybeauxarts.com\/shop\/impression-grands-formats\/#breadcrumb","itemListElement":[{"@type":"ListItem","position":1,"name":"Accueil","item":"https:\/\/copybeauxarts.com\/shop\/"},{"@type":"ListItem","position":2,"name":"GRANDS FORMATS"}]},{"@type":"WebSite","@id":"https:\/\/copybeauxarts.com\/shop\/#website","url":"https:\/\/copybeauxarts.com\/shop\/","name":"Copy Beaux Arts \u2022 Photocopie Impression objets personnalis\u00e9s Montpellier","description":"Impression tshirts mugs cadeaux et tous objets personnalis\u00e9s","publisher":{"@id":"https:\/\/copybeauxarts.com\/shop\/#organization"},"potentialAction":[{"@type":"SearchAction","target":{"@type":"EntryPoint","urlTemplate":"https:\/\/copybeauxarts.com\/shop\/?s={search_term_string}"},"query-input":{"@type":"PropertyValueSpecification","valueRequired":true,"valueName":"search_term_string"}}],"inLanguage":"fr-FR"},{"@type":"Organization","@id":"https:\/\/copybeauxarts.com\/shop\/#organization","name":"Copy Beaux Arts \u2022 Photocopie Impression objets personnalis\u00e9s Montpellier","url":"https:\/\/copybeauxarts.com\/shop\/","logo":{"@type":"ImageObject","inLanguage":"fr-FR","@id":"https:\/\/copybeauxarts.com\/shop\/#\/schema\/logo\/image\/","url":"https:\/\/copybeauxarts.com\/shop\/wp-content\/uploads\/2025\/12\/logo-copy-beaux-arts-montpellier.png","contentUrl":"https:\/\/copybeauxarts.com\/shop\/wp-content\/uploads\/2025\/12\/logo-copy-beaux-arts-montpellier.png","width":247,"height":133,"caption":"Copy Beaux Arts \u2022 Photocopie Impression objets personnalis\u00e9s Montpellier"},"image":{"@id":"https:\/\/copybeauxarts.com\/shop\/#\/schema\/logo\/image\/"}}]}},"_links":{"self":[{"href":"https:\/\/copybeauxarts.com\/shop\/wp-json\/wp\/v2\/pages\/1763","targetHints":{"allow":["GET"]}}],"collection":[{"href":"https:\/\/copybeauxarts.com\/shop\/wp-json\/wp\/v2\/pages"}],"about":[{"href":"https:\/\/copybeauxarts.com\/shop\/wp-json\/wp\/v2\/types\/page"}],"author":[{"embeddable":true,"href":"https:\/\/copybeauxarts.com\/shop\/wp-json\/wp\/v2\/users\/4"}],"replies":[{"embeddable":true,"href":"https:\/\/copybeauxarts.com\/shop\/wp-json\/wp\/v2\/comments?post=1763"}],"version-history":[{"count":15,"href":"https:\/\/copybeauxarts.com\/shop\/wp-json\/wp\/v2\/pages\/1763\/revisions"}],"predecessor-version":[{"id":3415,"href":"https:\/\/copybeauxarts.com\/shop\/wp-json\/wp\/v2\/pages\/1763\/revisions\/3415"}],"wp:attachment":[{"href":"https:\/\/copybeauxarts.com\/shop\/wp-json\/wp\/v2\/media?parent=1763"}],"curies":[{"name":"wp","href":"https:\/\/api.w.org\/{rel}","templated":true}]}}