{"id":1568,"date":"2021-03-25T12:50:13","date_gmt":"2021-03-25T11:50:13","guid":{"rendered":"https:\/\/copybeauxarts.com\/shop\/?page_id=1568"},"modified":"2026-02-09T15:47:20","modified_gmt":"2026-02-09T14:47:20","slug":"imprimerie-reprographie-montpellier","status":"publish","type":"page","link":"https:\/\/copybeauxarts.com\/shop\/imprimerie-reprographie-montpellier\/","title":{"rendered":"IMPRIMERIE REPROGRAPHIE"},"content":{"rendered":"\n\n\t<h1>PRODUITS PHARES<\/h1>\n<h1>\n\t\t\tCARTES DE VISITE\t<\/h1>\n\t\t\t<a href=\"https:\/\/copybeauxarts.com\/shop\/cartes-de-visite\" target=\"_self\" rel=\"noopener\">\n\t\t\t\t\t\t\tvoir en d\u00e9tails\n\t\t\t\t\t<\/a>\n<h1>\n\t\t\tGRANDS FORMATS\t<\/h1>\n\t\t\t<a href=\"https:\/\/copybeauxarts.com\/impression-grands-formats\" target=\"_self\" rel=\"noopener\">\n\t\t\t\t\t\t\tvoir en d\u00e9tails\n\t\t\t\t\t<\/a>\n<h1>\n\t\t\tFLYERS\t<\/h1>\n\t\t\t<a href=\"https:\/\/copybeauxarts.com\/impression-flyers-a5\" target=\"_self\" rel=\"noopener\">\n\t\t\t\t\t\t\tvoir en d\u00e9tails\n\t\t\t\t\t<\/a>\n\t<h1>AUTRES SERVICES<\/h1>\n<h1>\n\t\t\tIMPRESSIONS \/ COPIES\t<\/h1>\n\tNoir &amp; Blanc \/ Couleur<br \/>\nSur papiers classiques,<br \/>\n\u00e9pais, cartonn\u00e9s (de 80g \u00e0 400g)<br \/>\nMat ou brillant, adh\u00e9sif, calque, Nevertear\n<h1>\n\t\t\tDEPLIANT\t<\/h1>\n\tNoir &amp; Blanc \/ Couleur<br \/>\nSur papiers classiques,<br \/>\n\u00e9pais, cartonn\u00e9s (de 80g \u00e0 400g)<br \/>\nMat ou brillant\n<h1>\n\t\t\tnum\u00e9risation\t<\/h1>\n\tNum\u00e9risation petits et grands formats<br \/>\n(jusqu&rsquo;\u00e0 91 cm de largeur)<br \/>\nTransfert par mail ou par cl\u00e9 USB\n<h1>\n\t\t\tsignal\u00e9tique\t<\/h1>\n\tPanneaux en contre-collage<br \/>\nou en impression directe<br \/>\nSur carton plume, PVC, dibond<br \/>\nImpression b\u00e2che et tissu<br \/>\nKakemono, PLV\n<h1>\n\t\t\tRELIURES\t<\/h1>\n\tReliures spirale<br \/>\n&#8211; plastique<br \/>\n-m\u00e9tallique<br \/>\nReliures thermocoll\u00e9es\n<h1>\n\t\t\tFOURNITURES\t<\/h1>\n\tTampon, gravure<br \/>\nPlaques m\u00e9dicales<br \/>\nVente de fournitures de bureau<br \/>\nClef USB \/ Vente de CD Rom\n<h1>\n\t\t\tenveloppe\t<\/h1>\n\t<p>enveloppe num\u00e9rique v\u00e9lin extra blanc,<\/p>\n\t\t\t<a href=\"https:\/\/copybeauxarts.com\/shop\/2577-2\/\" target=\"_self\" rel=\"noopener\">\n\t\t\t\t\t\t\tvoir en d\u00e9tails\n\t\t\t\t\t<\/a>\n<h1  id=\"reduction\">\n\t\t\t25 % de R\u00c9DUCTION\t<\/h1>\n\t<h5>\u00a0avec les exclus webs<\/h5>\n<p>SUR UNE S\u00c9LECTION DE PRODUITS<\/p>\n\tGr\u00e2ce \u00e0 la commande par internet, c&rsquo;est 25% de r\u00e9duction et une disponibilit\u00e9 de vos produits sous 48H<br \/>\nValable uniquement sur les articles ci dessous :\n<h1>\n\t\t\tFLYERS A5 TARIFS (+48H)\t<\/h1>\n\t\t\t<a href=\"https:\/\/copybeauxarts.com\/shop\/impression-flyers-a5-promo-web\/\" target=\"_self\" rel=\"noopener\">\n\t\t\t\t\t\t\tvoir en d\u00e9tails\n\t\t\t\t\t<\/a>\n<h1>\n\t\t\tFLYER A6 TARIFS (+48H)\t<\/h1>\n\t\t\t<a href=\"https:\/\/copybeauxarts.com\/shop\/impression-flyers-a6\" target=\"_self\" rel=\"noopener\">\n\t\t\t\t\t\t\tvoir en d\u00e9tails\n\t\t\t\t\t<\/a>\n<h1>\n\t\t\tA6 CORRESPONDANCE TARIFS (+48H)\t<\/h1>\n\t\t\t<a href=\"https:\/\/copybeauxarts.com\/shop\/a6-correspondance-promo-web\/\" target=\"_self\" rel=\"noopener\">\n\t\t\t\t\t\t\tvoir en d\u00e9tails\n\t\t\t\t\t<\/a>\n<h1>\n\t\t\tCARTES DE VISITE TARIFS (+48H)\t<\/h1>\n\t\t\t<a href=\"https:\/\/copybeauxarts.com\/shop\/cartes-de-visite-promo-web\/\" target=\"_self\" rel=\"noopener\">\n\t\t\t\t\t\t\tvoir en d\u00e9tails\n\t\t\t\t\t<\/a>\n\tPour plus de renseignements, n&rsquo;h\u00e9sitez pas \u00e0 nous contacter<br \/>\npar mail cpba34@gmail.com ou par telephone 04 67 02 10 45\n\n","protected":false},"excerpt":{"rendered":"<p>PRODUITS PHARES CARTES DE VISITE voir en d\u00e9tails GRANDS FORMATS voir en d\u00e9tails FLYERS voir en d\u00e9tails AUTRES SERVICES IMPRESSIONS \/ COPIES Noir &amp; Blanc \/ Couleur Sur papiers classiques, \u00e9pais, cartonn\u00e9s (de 80g \u00e0 400g) Mat ou brillant, adh\u00e9sif, calque, Nevertear DEPLIANT Noir &amp; Blanc \/ Couleur Sur papiers classiques, \u00e9pais, cartonn\u00e9s (de 80g [&hellip;]<\/p>\n","protected":false},"author":4,"featured_media":0,"parent":0,"menu_order":0,"comment_status":"closed","ping_status":"closed","template":"","meta":{"site-sidebar-layout":"default","site-content-layout":"plain-container","ast-site-content-layout":"normal-width-container","site-content-style":"unboxed","site-sidebar-style":"unboxed","ast-global-header-display":"","ast-banner-title-visibility":"","ast-main-header-display":"","ast-hfb-above-header-display":"","ast-hfb-below-header-display":"","ast-hfb-mobile-header-display":"","site-post-title":"","ast-breadcrumbs-content":"","ast-featured-img":"","footer-sml-layout":"","ast-disable-related-posts":"","theme-transparent-header-meta":"default","adv-header-id-meta":"","stick-header-meta":"default","header-above-stick-meta":"","header-main-stick-meta":"","header-below-stick-meta":"","astra-migrate-meta-layouts":"set","ast-page-background-enabled":"default","ast-page-background-meta":{"desktop":{"background-color":"var(--ast-global-color-4)","background-image":"","background-repeat":"repeat","background-position":"center center","background-size":"auto","background-attachment":"scroll","background-type":"","background-media":"","overlay-type":"","overlay-color":"","overlay-opacity":"","overlay-gradient":""},"tablet":{"background-color":"","background-image":"","background-repeat":"repeat","background-position":"center center","background-size":"auto","background-attachment":"scroll","background-type":"","background-media":"","overlay-type":"","overlay-color":"","overlay-opacity":"","overlay-gradient":""},"mobile":{"background-color":"","background-image":"","background-repeat":"repeat","background-position":"center center","background-size":"auto","background-attachment":"scroll","background-type":"","background-media":"","overlay-type":"","overlay-color":"","overlay-opacity":"","overlay-gradient":""}},"ast-content-background-meta":{"desktop":{"background-color":"var(--ast-global-color-5)","background-image":"","background-repeat":"repeat","background-position":"center center","background-size":"auto","background-attachment":"scroll","background-type":"","background-media":"","overlay-type":"","overlay-color":"","overlay-opacity":"","overlay-gradient":""},"tablet":{"background-color":"var(--ast-global-color-5)","background-image":"","background-repeat":"repeat","background-position":"center center","background-size":"auto","background-attachment":"scroll","background-type":"","background-media":"","overlay-type":"","overlay-color":"","overlay-opacity":"","overlay-gradient":""},"mobile":{"background-color":"var(--ast-global-color-5)","background-image":"","background-repeat":"repeat","background-position":"center center","background-size":"auto","background-attachment":"scroll","background-type":"","background-media":"","overlay-type":"","overlay-color":"","overlay-opacity":"","overlay-gradient":""}},"footnotes":""},"class_list":["post-1568","page","type-page","status-publish","hentry"],"yoast_head":"<!-- This site is optimized with the Yoast SEO plugin v26.6 - https:\/\/yoast.com\/wordpress\/plugins\/seo\/ -->\n<title>Copy Beaux Arts \u2022 Photocopie Impression objets personnalis\u00e9s Montpellier<\/title>\n<meta name=\"description\" content=\"Photocopies, Impression, tee shirts, mugs, broderie, personnalisation, cartes de visite, flyers, posters Montpellier quartiers beaux arts.\" \/>\n<meta name=\"robots\" content=\"index, follow, max-snippet:-1, max-image-preview:large, max-video-preview:-1\" \/>\n<link rel=\"canonical\" href=\"https:\/\/copybeauxarts.com\/shop\/imprimerie-reprographie-montpellier\/\" \/>\n<meta property=\"og:locale\" content=\"fr_FR\" \/>\n<meta property=\"og:type\" content=\"article\" \/>\n<meta property=\"og:title\" content=\"Copy Beaux Arts \u2022 Photocopie Impression objets personnalis\u00e9s Montpellier\" \/>\n<meta property=\"og:description\" content=\"Photocopies, Impression, tee shirts, mugs, broderie, personnalisation, cartes de visite, flyers, posters Montpellier quartiers beaux arts.\" \/>\n<meta property=\"og:url\" content=\"https:\/\/copybeauxarts.com\/shop\/imprimerie-reprographie-montpellier\/\" \/>\n<meta property=\"og:site_name\" content=\"Copy Beaux Arts \u2022 Photocopie Impression objets personnalis\u00e9s Montpellier\" \/>\n<meta property=\"article:modified_time\" content=\"2026-02-09T14:47:20+00:00\" \/>\n<meta name=\"twitter:card\" content=\"summary_large_image\" \/>\n<meta name=\"twitter:label1\" content=\"Dur\u00e9e de lecture estim\u00e9e\" \/>\n\t<meta name=\"twitter:data1\" content=\"2 minutes\" \/>\n<script type=\"application\/ld+json\" class=\"yoast-schema-graph\">{\"@context\":\"https:\/\/schema.org\",\"@graph\":[{\"@type\":\"WebPage\",\"@id\":\"https:\/\/copybeauxarts.com\/shop\/imprimerie-reprographie-montpellier\/\",\"url\":\"https:\/\/copybeauxarts.com\/shop\/imprimerie-reprographie-montpellier\/\",\"name\":\"Copy Beaux Arts \u2022 Photocopie Impression objets personnalis\u00e9s Montpellier\",\"isPartOf\":{\"@id\":\"https:\/\/copybeauxarts.com\/shop\/#website\"},\"datePublished\":\"2021-03-25T11:50:13+00:00\",\"dateModified\":\"2026-02-09T14:47:20+00:00\",\"description\":\"Photocopies, Impression, tee shirts, mugs, broderie, personnalisation, cartes de visite, flyers, posters Montpellier quartiers beaux arts.\",\"breadcrumb\":{\"@id\":\"https:\/\/copybeauxarts.com\/shop\/imprimerie-reprographie-montpellier\/#breadcrumb\"},\"inLanguage\":\"fr-FR\",\"potentialAction\":[{\"@type\":\"ReadAction\",\"target\":[\"https:\/\/copybeauxarts.com\/shop\/imprimerie-reprographie-montpellier\/\"]}]},{\"@type\":\"BreadcrumbList\",\"@id\":\"https:\/\/copybeauxarts.com\/shop\/imprimerie-reprographie-montpellier\/#breadcrumb\",\"itemListElement\":[{\"@type\":\"ListItem\",\"position\":1,\"name\":\"Accueil\",\"item\":\"https:\/\/copybeauxarts.com\/shop\/\"},{\"@type\":\"ListItem\",\"position\":2,\"name\":\"IMPRIMERIE REPROGRAPHIE\"}]},{\"@type\":\"WebSite\",\"@id\":\"https:\/\/copybeauxarts.com\/shop\/#website\",\"url\":\"https:\/\/copybeauxarts.com\/shop\/\",\"name\":\"Copy Beaux Arts \u2022 Photocopie Impression objets personnalis\u00e9s Montpellier\",\"description\":\"Impression tshirts mugs cadeaux et tous objets personnalis\u00e9s\",\"publisher\":{\"@id\":\"https:\/\/copybeauxarts.com\/shop\/#organization\"},\"potentialAction\":[{\"@type\":\"SearchAction\",\"target\":{\"@type\":\"EntryPoint\",\"urlTemplate\":\"https:\/\/copybeauxarts.com\/shop\/?s={search_term_string}\"},\"query-input\":{\"@type\":\"PropertyValueSpecification\",\"valueRequired\":true,\"valueName\":\"search_term_string\"}}],\"inLanguage\":\"fr-FR\"},{\"@type\":\"Organization\",\"@id\":\"https:\/\/copybeauxarts.com\/shop\/#organization\",\"name\":\"Copy Beaux Arts \u2022 Photocopie Impression objets personnalis\u00e9s Montpellier\",\"url\":\"https:\/\/copybeauxarts.com\/shop\/\",\"logo\":{\"@type\":\"ImageObject\",\"inLanguage\":\"fr-FR\",\"@id\":\"https:\/\/copybeauxarts.com\/shop\/#\/schema\/logo\/image\/\",\"url\":\"https:\/\/copybeauxarts.com\/shop\/wp-content\/uploads\/2025\/12\/logo-copy-beaux-arts-montpellier.png\",\"contentUrl\":\"https:\/\/copybeauxarts.com\/shop\/wp-content\/uploads\/2025\/12\/logo-copy-beaux-arts-montpellier.png\",\"width\":247,\"height\":133,\"caption\":\"Copy Beaux Arts \u2022 Photocopie Impression objets personnalis\u00e9s Montpellier\"},\"image\":{\"@id\":\"https:\/\/copybeauxarts.com\/shop\/#\/schema\/logo\/image\/\"}}]}<\/script>\n<!-- \/ Yoast SEO plugin. -->","yoast_head_json":{"title":"Copy Beaux Arts \u2022 Photocopie Impression objets personnalis\u00e9s Montpellier","description":"Photocopies, Impression, tee shirts, mugs, broderie, personnalisation, cartes de visite, flyers, posters Montpellier quartiers beaux arts.","robots":{"index":"index","follow":"follow","max-snippet":"max-snippet:-1","max-image-preview":"max-image-preview:large","max-video-preview":"max-video-preview:-1"},"canonical":"https:\/\/copybeauxarts.com\/shop\/imprimerie-reprographie-montpellier\/","og_locale":"fr_FR","og_type":"article","og_title":"Copy Beaux Arts \u2022 Photocopie Impression objets personnalis\u00e9s Montpellier","og_description":"Photocopies, Impression, tee shirts, mugs, broderie, personnalisation, cartes de visite, flyers, posters Montpellier quartiers beaux arts.","og_url":"https:\/\/copybeauxarts.com\/shop\/imprimerie-reprographie-montpellier\/","og_site_name":"Copy Beaux Arts \u2022 Photocopie Impression objets personnalis\u00e9s Montpellier","article_modified_time":"2026-02-09T14:47:20+00:00","twitter_card":"summary_large_image","twitter_misc":{"Dur\u00e9e de lecture estim\u00e9e":"2 minutes"},"schema":{"@context":"https:\/\/schema.org","@graph":[{"@type":"WebPage","@id":"https:\/\/copybeauxarts.com\/shop\/imprimerie-reprographie-montpellier\/","url":"https:\/\/copybeauxarts.com\/shop\/imprimerie-reprographie-montpellier\/","name":"Copy Beaux Arts \u2022 Photocopie Impression objets personnalis\u00e9s Montpellier","isPartOf":{"@id":"https:\/\/copybeauxarts.com\/shop\/#website"},"datePublished":"2021-03-25T11:50:13+00:00","dateModified":"2026-02-09T14:47:20+00:00","description":"Photocopies, Impression, tee shirts, mugs, broderie, personnalisation, cartes de visite, flyers, posters Montpellier quartiers beaux arts.","breadcrumb":{"@id":"https:\/\/copybeauxarts.com\/shop\/imprimerie-reprographie-montpellier\/#breadcrumb"},"inLanguage":"fr-FR","potentialAction":[{"@type":"ReadAction","target":["https:\/\/copybeauxarts.com\/shop\/imprimerie-reprographie-montpellier\/"]}]},{"@type":"BreadcrumbList","@id":"https:\/\/copybeauxarts.com\/shop\/imprimerie-reprographie-montpellier\/#breadcrumb","itemListElement":[{"@type":"ListItem","position":1,"name":"Accueil","item":"https:\/\/copybeauxarts.com\/shop\/"},{"@type":"ListItem","position":2,"name":"IMPRIMERIE REPROGRAPHIE"}]},{"@type":"WebSite","@id":"https:\/\/copybeauxarts.com\/shop\/#website","url":"https:\/\/copybeauxarts.com\/shop\/","name":"Copy Beaux Arts \u2022 Photocopie Impression objets personnalis\u00e9s Montpellier","description":"Impression tshirts mugs cadeaux et tous objets personnalis\u00e9s","publisher":{"@id":"https:\/\/copybeauxarts.com\/shop\/#organization"},"potentialAction":[{"@type":"SearchAction","target":{"@type":"EntryPoint","urlTemplate":"https:\/\/copybeauxarts.com\/shop\/?s={search_term_string}"},"query-input":{"@type":"PropertyValueSpecification","valueRequired":true,"valueName":"search_term_string"}}],"inLanguage":"fr-FR"},{"@type":"Organization","@id":"https:\/\/copybeauxarts.com\/shop\/#organization","name":"Copy Beaux Arts \u2022 Photocopie Impression objets personnalis\u00e9s Montpellier","url":"https:\/\/copybeauxarts.com\/shop\/","logo":{"@type":"ImageObject","inLanguage":"fr-FR","@id":"https:\/\/copybeauxarts.com\/shop\/#\/schema\/logo\/image\/","url":"https:\/\/copybeauxarts.com\/shop\/wp-content\/uploads\/2025\/12\/logo-copy-beaux-arts-montpellier.png","contentUrl":"https:\/\/copybeauxarts.com\/shop\/wp-content\/uploads\/2025\/12\/logo-copy-beaux-arts-montpellier.png","width":247,"height":133,"caption":"Copy Beaux Arts \u2022 Photocopie Impression objets personnalis\u00e9s Montpellier"},"image":{"@id":"https:\/\/copybeauxarts.com\/shop\/#\/schema\/logo\/image\/"}}]}},"_links":{"self":[{"href":"https:\/\/copybeauxarts.com\/shop\/wp-json\/wp\/v2\/pages\/1568","targetHints":{"allow":["GET"]}}],"collection":[{"href":"https:\/\/copybeauxarts.com\/shop\/wp-json\/wp\/v2\/pages"}],"about":[{"href":"https:\/\/copybeauxarts.com\/shop\/wp-json\/wp\/v2\/types\/page"}],"author":[{"embeddable":true,"href":"https:\/\/copybeauxarts.com\/shop\/wp-json\/wp\/v2\/users\/4"}],"replies":[{"embeddable":true,"href":"https:\/\/copybeauxarts.com\/shop\/wp-json\/wp\/v2\/comments?post=1568"}],"version-history":[{"count":11,"href":"https:\/\/copybeauxarts.com\/shop\/wp-json\/wp\/v2\/pages\/1568\/revisions"}],"predecessor-version":[{"id":3550,"href":"https:\/\/copybeauxarts.com\/shop\/wp-json\/wp\/v2\/pages\/1568\/revisions\/3550"}],"wp:attachment":[{"href":"https:\/\/copybeauxarts.com\/shop\/wp-json\/wp\/v2\/media?parent=1568"}],"curies":[{"name":"wp","href":"https:\/\/api.w.org\/{rel}","templated":true}]}}